isor of 27 and z?
27
Let z(u) = -13*u - 111. Let w be z(-39). What is the highest common divisor of 36 and w?
36
Suppose -8*z = -9*z + 47. What is the greatest common factor of z and 470?
47
Let m = -157 - -311. Let t = 43 - 9. Suppose g + 4*l - t = 0, 3*g = -2*l + l + 47. What is the highest common factor of g and m?
14
Let c = 0 - -2. Let p be 52/8*(2 - c*-4). Calculate the highest common divisor of p and 26.
13
Suppose 2*p = 4*v + 24 - 222, -5*v + 255 = -p. Let n(f) = -4*f + 1. Let i be n(-3). Calculate the highest common factor of v and i.
13
Let c(a) = 2*a**3 + 27*a**2 + 8*a + 5. Let b be c(-13). Calculate the greatest common divisor of b and 14.
14
Let s be 1854 - ((0 - 0) + 11). Calculate the greatest common divisor of 97 and s.
97
Let j(f) = f**3 + 5*f**2 - 15*f + 1. Let c be j(-7). Let i = 16 - c. Calculate the highest common divisor of 20 and i.
4
Let a = -3 - -21. Calculate the highest common factor of 162 and a.
18
Suppose 5*w + 5*g + 38 = 6*w, w - 42 = 4*g. What is the highest common divisor of w and 928?
58
Let o be 1448/36 + (-2)/9. Let d = o + -12. Suppose -3*i = 2*y - 48, 12*y - 7*y = -i + 29. Calculate the greatest common factor of i and d.
14
Let b(r) = -r**2 + 19*r + 11. Let d be b(11). What is the greatest common factor of d and 88?
11
Let i = 49 - 98. Let s = i + 57. What is the greatest common factor of s and 2?
2
Let q be (1/(21/(-36)))/(3/(-84)). Suppose 4*x + o - 5*o = -8, 0 = -5*x + 2*o - 10. Let f = q + x. What is the greatest common divisor of 23 and f?
23
Suppose 5*q - 23 = 2*t, t = -0*t + 2*q - 11. Let o = t - -18. Let h = -110 + 119. Calculate the highest common factor of o and h.
9
Let d = -58 - -69. Suppose m = 2*l + d - 37, -m = l - 16. Calculate the highest common divisor of 70 and l.
14
Let u = 156 - 108. Let l(v) = v**2 + 8*v + 7. Let m be (-255)/20 - 2/8. Let f be l(m). What is the greatest common divisor of f and u?
24
Suppose 0 = -3*g - 23 - 10. Let h be (g/4)/(9/(-8) - -1). Let o = -18 + 51. What is the highest common factor of h and o?
11
Let s = 105 + -90. Suppose 0 = 7*z - 127 + s. What is the highest common factor of z and 80?
16
Let a be 221/17*(-2)/(-2). Let p be (-1 + 0)/(2/(-4)). Suppose -4*l + 5*u - p + a = 0, 2*u = l + 1. What is the greatest common factor of 45 and l?
9
Suppose -5*m = -0*m - 60. Suppose 0*y - 3*y = -m. Suppose q = -4*i + 21, 3 = q + 6. Calculate the highest common divisor of i and y.
2
Let v(x) = -x**3 - x**2 - 2*x + 266. Let r be v(0). Let f = r - 133. Calculate the highest common factor of 19 and f.
19
Let g be 1 - 0 - (-6 - 7). Suppose -g = c - 3*c. Suppose a = c + 3. What is the highest common divisor of a and 4?
2
Let o(z) = -z**2 - z + 3. Let m be o(0). Let b = 12 - 7. Suppose t + f - 38 = -6, 5*f = b*t - 110. What is the highest common divisor of m and t?
3
Let z(m) = 3*m**2 + 13*m - 8. Let n be z(-6). Let x = -148 - -390. What is the highest common factor of n and x?
22
Let j(q) = -76*q**2 - q + 1. Let c(h) = h**2 + 10*h - 23. Let v be c(-12). Let z be j(v). Let f = -53 - z. What is the highest common divisor of 23 and f?
23
Let q(g) = -3*g**2 + 165*g + 33. Let v be q(54). Calculate the greatest common factor of v and 255.
15
Let y = 451 - 291. What is the greatest common factor of y and 40?
40
Suppose 0 = -d - 3*z + 3681, -5*d - 5*z + 31403 = 12948. What is the greatest common divisor of d and 12?
12
Let y(t) = -2*t**2 - 11*t - 2. Let r be y(-6). Let v be (-46)/r + (-9)/12 - 1. Calculate the highest common divisor of v and 4.
4
Let d be 260 + 2 - (17 - 21). Calculate the greatest common divisor of d and 38.
38
Let z be 1/2 - 335/(-10). Let f be -34*5/15*-6. Calculate the greatest common factor of z and f.
34
Let o = 170 + -47. Let y = o + -101. Calculate the greatest common factor of y and 66.
22
Suppose -s - 2415 = -2*t - 0*s, 20 = 4*s. What is the highest common divisor of t and 220?
110
Suppose 2*c + 10*p - 13*p = 825, p - 813 = -2*c. What is the highest common divisor of c and 17?
17
Let z = 969 + -944. Calculate the greatest common factor of z and 575.
25
Suppose -3*g = 2*g - 100. Suppose -x + 55 = 5*z, 9*x + 2*z = 7*x + 86. Calculate the greatest common factor of x and g.
20
Let x be 543/15 + 92/115. What is the highest common factor of x and 333?
37
Suppose -17420 = -2*k - 18*k. What is the greatest common divisor of k and 134?
67
Suppose 6*u - 2285 = 787. What is the greatest common factor of 32 and u?
32
Let i(s) = 3*s + 0*s + 8*s**2 - 5*s + 25*s**2. Let v be i(-1). Let p be v/4 - (-7)/28. What is the greatest common divisor of p and 54?
9
Let r = 30 - 21. Suppose -5*q + 11 = -r, -4*p = q - 20. What is the greatest common divisor of 28 and p?
4
Let i = 15 + -8. Suppose c - 3*v + 10 = -0*v, v = 5*c - 6. Suppose -60 = -c*p + 38. What is the greatest common factor of i and p?
7
Suppose 3*k = -p - 9 + 25, -2*p = -2. Let t(m) = 3*m**2 - 9*m - 10. Let x be t(k). Calculate the greatest common factor of 50 and x.
10
Let h be (-16)/2*(-54)/24. Suppose 4*f - 3*j - 36 = 0, -4*f = 2*j - 47 + 11. Let l = 21 - f. What is the highest common factor of l and h?
6
Suppose -142 = -2*c + 326. What is the highest common divisor of c and 18?
18
Let r = 67 + -33. Let q be 3 - 1 - 1 - -13. Let s = r - q. Calculate the highest common factor of 5 and s.
5
Let s(u) = -u**3 + 12*u**2 + 13*u - 3. Let n be s(13). Let t(a) = -a + 10. Let z be t(0). Let q = z - n. What is the highest common divisor of q and 65?
13
Suppose -3*n + 24 = -4*i + i, n - 2*i - 11 = 0. Suppose -3*p + 4*t = 3*t - 120, 5*t - 160 = -4*p. What is the greatest common divisor of p and n?
5
Let f be 16/14*3381/644. Suppose -3*h - 2*h - 3*b = -246, 2*b = h - 44. Calculate the greatest common factor of h and f.
6
Suppose 0 = 43*g - 47*g - 20. Let u be (10 - -140)*(-2)/g. What is the greatest common factor of 150 and u?
30
Let k(h) = 17*h + 1. Let q be k(1). Suppose 2*j = -3*f + 604, f - 9*j + 4*j - 173 = 0. Calculate the greatest common factor of f and q.
18
Let h = 10 - 2. Let z = 32 - h. Let q = 9 + -3. Calculate the greatest common divisor of q and z.
6
Suppose -57*x = -19*x - 1330. Suppose 3*h = 559 + 176. What is the greatest common divisor of x and h?
35
Suppose -o = -5*p - 268, -5*o - 5*p + 1172 = -o. What is the highest common divisor of 32 and o?
32
Let b = 63 + -61. Let f = -8 + 9. What is the greatest common factor of b and f?
1
Let r(j) = 31*j + 449. Let i be r(-13). What is the highest common divisor of i and 782?
46
Let p = -99 + 51. Let s = p + 90. What is the greatest common factor of s and 105?
21
Suppose 3*b - 9 = 0, 0 = u + 3*b + 118 + 6518. Let g be u/(-55) + 4/22. Calculate the highest common divisor of g and 11.
11
Suppose 0 = 94*i - 12*i - 1968. What is the greatest common divisor of i and 270?
6
Let j(l) be the first derivative of -l**2/2 + 8*l - 1. Let i be j(6). Let n be 2/12*-6*-6. What is the greatest common factor of n and i?
2
Let u(z) = z**2 + 5*z + 2. Let k be u(-5). Suppose 0 = w + 5*c + 8, -2*w + w + 5*c = -12. Suppose i = -w + 7. What is the greatest common factor of i and k?
1
Suppose 0*f = -6*f + 570. Let q = f + -83. Calculate the greatest common factor of 8 and q.
4
Let a be (3/(-24))/((-2)/16). What is the highest common factor of a and 3?
1
Let p be -5 + (-33)/(-7) + 60/14. Suppose -p*u = -3*u - 90. Calculate the greatest common divisor of u and 6.
6
Let d = 10 - 4. Suppose -4*j - 3*n = -2*n - 399, 0 = n + 5. Let y = -35 + j. Calculate the greatest common divisor of y and d.
6
Let r(l) = 3*l**3 - 2*l**2 + 1. Let w be r(2). Suppose -4*y - 59 = -3*j, -4*y - w = -3*j + 2*j. Calculate the greatest common divisor of j and 21.
21
Let k(m) = -9*m**2 - 6*m - 6. Let u(c) = 1. Let p(o) = -k(o) - 3*u(o). Let h be p(-2). Calculate the highest common factor of h and 18.
9
Let l = 231 + -159. Suppose -6*d + 9*d = 3*i - 15, 0 = -2*i - d + 22. What is the highest common factor of l and i?
9
Let h = 128 + -84. Let o be ((-4)/6)/((-8)/(-72)). Let f(j) = -j**3 - 6*j**2 - 5*j - 8. Let c be f(o). Calculate the highest common divisor of h and c.
22
Let h(p) = -p**2 - 11*p - 8. Let b be h(-7). Calculate the highest common factor of 430 and b.
10
Let r = 1138 + -1098. Let u(j) = 46*j - 2. Let n be u(7). What is the highest common divisor of n and r?
40
Let j be (-47 - -42) + 694/(-1 - -3). Calculate 